Let f be (1/((-35)/410) + -2)/((-5)/245). Calculate the greatest common divisor of f and 6552.
168
Let d(f) = 10*f**3 - 2*f**2 + 7*f - 2. Suppose -6*o - 16*o = -44. Let c be d(o). Calculate the greatest common divisor of 112 and c.
28
Suppose 0 = 14*w - 23*w + 18. Suppose -2*k = -3*l - 24, -l + 48 = 4*k + w*l. Calculate the greatest common factor of k and 3.
3
Suppose -381*k = -388*k + 84. Let r be (-5 - (-330)/k)*4/6. Calculate the greatest common divisor of r and 645.
15
Suppose 4263*u + 70 = 4264*u. What is the greatest common factor of u and 259?
7
Let f(i) = 2*i - 30. Let h be 1 + 3/6*4. Let r be 1/(h - 177/60). Let d be f(r). Calculate the highest common divisor of d and 65.
5
Let s be (2/(-6))/(2/(-6)). Let x be 3*s/(3/11). Suppose 4*k - 232 - 114 = -3*f, 5*f - 78 = -k. What is the greatest common divisor of k and x?
11
Suppose 2*a = -6 - 22. Let h be (a/5)/(1 - (-28)/(-20)). Calculate the greatest common divisor of h and 14.
7
Let a(f) = 13*f**2 + 9*f + 22. Let h be a(-2). Suppose -26*t + 308 = -h. Let w = -61 - -103. What is the highest common factor of t and w?
14
Let y = -233 + 72. Let u = y + 184. What is the greatest common divisor of 1 and u?
1
Let x be 175/(-28) + 6 + 226/8. Suppose -27*w + x = -25*w. Suppose 84 = -m + 238. Calculate the greatest common divisor of m and w.
14
Let o be 1041566/199 + (0 - 24). Calculate the greatest common divisor of 10 and o.
10
Suppose 14 = -k - 2*k - 4*c, 3 = -k - c. Let l(p) = 7 + 103*p**2 - 8 + 102*p**2 - 201*p**2 - 5. Let i be l(k). What is the highest common divisor of 90 and i?
10
Let y be (0 + 1384)*(165 - 164). Calculate the greatest common divisor of y and 8.
8
Let h = -552 + 301. Let r = h - -319. What is the highest common factor of 102 and r?
34
Suppose 4*l - 4*y + 29 = 385, 4*y = 16. Calculate the greatest common divisor of 6789 and l.
93
Suppose o - 951 = -7*h, -3*h + 393 = -178*o + 176*o. Let c = 184 - 109. Calculate the highest common factor of c and h.
15
Let x(o) = 69*o**2 + o. Let q be x(1). Let y = 28 - q. Let w = -10 - y. What is the highest common factor of w and 160?
32
Let v = 157 + -72. Let i be (32 - 0) + 0/(-6). Let f be -11 + 13 - i*-1. What is the highest common factor of v and f?
17
Let m(a) = -5*a + 79. Let v be m(13). Suppose -5*l + 214 = v. Calculate the greatest common factor of 15 and l.
5
Suppose -3*v + 95*n - 93*n + 2621 = 0, -2*v - 5*n = -1722. Calculate the greatest common divisor of v and 201.
67
Let s = 16 - -20. Let l = s - 10. Let c be (48/10)/3*(-21 + l). What is the highest common divisor of 40 and c?
8
Let q be ((-2)/(-3)*15)/1. Suppose -3*j = 3*v - 27, 0 = -j + 4*v + v + 27. Let b be 44*(4 + j/(-8)). Calculate the highest common factor of b and q.
10
Let q = 399 - 465. Let u be (-1287)/q*8/3. What is the greatest common divisor of u and 4?
4
Let m be 6/15*(93 - -2). Let t = m - 38. Suppose t = -3*k + 8*k - 115. What is the highest common factor of 92 and k?
23
Suppose c - 4*p = -2, 398 - 360 = c + p. Let u(k) = 9*k. Let y be u(5). Calculate the highest common factor of y and c.
15
Let c(b) = 3*b**2 - 2*b + 17. Let h be c(-8). Let w be (-13 - (-2496)/66) + 2/11. What is the highest common factor of w and h?
25
Let b be 1 - 249/(-6) - (-3)/2. Let h = b + -44. Suppose -5*g - 4*w + 50 + 10 = 0, w + 5 = h. Calculate the highest common divisor of g and 176.
16
Let x = 2949 - 2085. What is the greatest common factor of x and 84?
12
Suppose -39*u + 568 - 22 = 0. Let f(b) = b**3 - 13*b**2 + 2*b - 20. Let w be f(u). What is the greatest common factor of 12 and w?
12
Suppose -z + 5*t - 46 = 3*z, t + 34 = -4*z. Let l be ((69/z)/(6/(-306)))/1. What is the highest common divisor of 46 and l?
23
Let k be (-2 - 4/(-14))/((-2604)/(-441) + -6). Calculate the greatest common factor of 316 and k.
2
Let c = 13 + 68. Suppose -3*r + 90 = -c. Calculate the highest common divisor of r and 95.
19
Suppose 2*s + 4*i = 122, 0 = 4*s + 5*i - 2*i - 249. Suppose 2*q - s = 135. Let y = 156 + -145. Calculate the highest common divisor of y and q.
11
Suppose -5*l + 393 = 2*d, d = -4*l + l + 194. Let i = 245 - d. What is the greatest common factor of 3 and i?
3
Let b(j) = -j**3 - 8*j**2 + 6*j + 9. Let m be b(-9). Suppose z - 9 = -m. Let d = 53 + z. Calculate the greatest common divisor of d and 182.
26
Let k(j) = -j**3 + 7*j + 30. Let g be k(-5). Suppose -5*w = 2*l - 647, -5*w - 241 - g = -l. Calculate the highest common factor of 12 and l.
12
Let o = 118 - 80. Let j be (-6)/2*(o/(-3) + 10). Let r = 24 + -4. What is the greatest common factor of r and j?
4
Suppose -31*l = 15*l - 19*l - 1512. What is the greatest common divisor of 8176 and l?
56
Let m be (((-880)/(-35))/11 - 8)*189/(-18). Let z be -2 + (45 - 0 - -2). What is the greatest common divisor of z and m?
15
Let r = -180 - -261. Let b = -1 + 5. Let a be b/(-8) - (-165)/6. What is the highest common factor of r and a?
27
Suppose 0 = 5*a - 1 + 16. Let l be ((-12)/(-5))/(a/(-15)). Calculate the greatest common factor of l and 132.
12
Let v be (-9)/((-72)/(-32)) - 228/(-2). Suppose 2*c + 61 + 143 = 0. Let g = c + v. What is the greatest common divisor of 104 and g?
8
Suppose 14*a = -6 + 6. Suppose a = -p + f + 22, -p = 2*f - 4*f - 27. What is the highest common factor of p and 289?
17
Let y(h) be the third derivative of h**5/60 + 4*h**4/3 + 46*h**3/3 - 19*h**2 - 4*h. Let u be y(-29). What is the greatest common factor of u and 85?
5
Let g be (244032/651)/(1/7). Calculate the highest common factor of g and 205.
41
Let v = 5963 - -3108. Calculate the greatest common factor of v and 47.
47
Suppose -2288 = -4*h - 3*l, -2*h + 4*l + 1144 = 2*l. What is the greatest common factor of 121 and h?
11
Let q = 32069 + -18056. What is the greatest common divisor of q and 81?
81
Let r(c) = 4*c**2 - 16*c - 291. Let g be r(-11). Calculate the greatest common factor of g and 468.
9
Suppose -3*r + 3 = -13 + 1. Calculate the greatest common divisor of r and 3205.
5
Let y be (3598/(-56) + -8)*-4. What is the highest common divisor of 70227 and y?
289
Let m = 14 + -14. Let q = 2 - m. Let w be (q/(-3))/(1/(-15)). Calculate the greatest common divisor of 90 and w.
10
Suppose -85*w + 87*w = 624. Suppose 0 = -5*x - w + 477. Suppose 0 = f - 4 - 7. What is the greatest common divisor of x and f?
11
Let h(k) = 3*k**2 + 22*k + 29. Let j be h(-6). Suppose 0 = 3*q + 5*s - 3*s - 424, -3*s = -15. Let w = q + -83. Calculate the highest common divisor of j and w.
5
Let c = -433 - -431. Let x be 2*((1 + -4)*1)/c. Calculate the greatest common divisor of x and 2.
1
Let z(d) = 26*d**2 + 57*d + 708. Let m be z(-13). What is the greatest common factor of m and 267?
89
Let c(d) = d**3 + 26*d**2 - 195*d - 32. Let k be c(7). Let u(b) = -7*b - 32. Let x be u(-16). Calculate the highest common divisor of k and x.
20
Let s(p) = 2*p + 12. Let o be s(15). Suppose 2*i - 4 = 0, 0 = -5*f - 40*i + 45*i + 270. Calculate the highest common divisor of f and o.
14
Suppose 5*i + a - 2100 = 190, -1832 = -4*i + 5*a. Calculate the greatest common divisor of 6 and i.
2
Let x be (102/21)/2 + 3/(-7). Suppose x*i - 43 + 25 = 0. What is the highest common divisor of 2 and i?
1
Let k be (-9 - -8) + 2 + 1. Let h = 20 + -17. Suppose -7*f + 2*f + 342 = 2*s, -k*f = h*s - 524. Calculate the greatest common factor of s and 22.
22
Suppose -2*q = -4*u + 1122, 4*u + 2777 = -0*q - 5*q. Let k = -494 - q. What is the highest common divisor of 14 and k?
7
Let y(p) = 2*p**2 + 2*p - 76. Let x be (5/(140/126))/(2/(-4)). Let s be y(x). Calculate the greatest common factor of s and 68.
68
Suppose -4*f - 3*d + 311 = 0, -3*f - 2*d + 0*d + 234 = 0. Let s = 20044 + -20014. What is the highest common divisor of s and f?
10
Suppose 0 = -3*m, -3*y + 4*m = m + 70 - 397. Calculate the highest common factor of y and 4469.
109
Suppose -2*u + 3*u - 5*k = 2, -u + 2*k = 1. Let w be 17 + (2 - u - 6). Suppose -2*n + 1152 = 10*n. Calculate the greatest common factor of n and w.
16
Let z be 2*4/(8 + -6). Suppose 2*b = 4*v - 320, 2*v + z*b + 79 - 229 = 0. Calculate the greatest common divisor of v and 869.
79
Let b(d) = -96*d - 149. Let u be b(-9). Calculate the highest common divisor of u and 130.
65
Suppose -4*o + 28 + 47 = m, -2*m + 42 = 2*o. Let q be 10/(-7) + (-47600)/(-2450). Calculate the highest common factor of q and o.